y f.
5
Suppose -14 + 54 = 2*v. Calculate the remainder when 39 is divided by v.
19
Suppose -224 = -8*d - 48. What is the remainder when 61 is divided by d?
17
Let t(p) = 5*p - 17. Calculate the remainder when 44 is divided by t(8).
21
Let l(a) be the third derivative of -1/3*a**3 - 3/8*a**4 - 2*a**2 + 0 + 0*a. Calculate the remainder when l(-4) is divided by 12.
10
Let c(d) = -d. Let l be c(6). Let j = 2 - l. What is the remainder when 30 is divided by j?
6
Suppose 28 = 3*v + 10. Suppose 2*g - 33 = -g. What is the remainder when g is divided by v?
5
Calculate the remainder when 25 is divided by (1 - 4)*13/(-3).
12
Suppose 0 = 9*z - 4*z - 65. Suppose z - 6 = h. Calculate the remainder when 25 is divided by h.
4
Let p = -11 - -17. Calculate the remainder when 17 is divided by p.
5
Suppose k = 6*k - 75. Calculate the remainder when (-6)/k + (-471)/(-15) is divided by 16.
15
Let y(r) = 23*r - 7. What is the remainder when y(4) is divided by 29?
27
Let c(x) = x**3 + 9*x**2 - 2*x - 9. Let u be c(-9). Let w = -1 + u. Calculate the remainder when 14 is divided by w.
6
Let q(p) = -p**2 - p + 19. Let i(k) = -k + 3. Let s be i(3). Calculate the remainder when q(s) is divided by 11.
8
Suppose -4*g - 58 = -2*i, -3*i = -3*g - 78 - 15. Calculate the remainder when i is divided by 7.
5
Let j be (-2)/(-9) - (-25)/9. Suppose 2*u + 6 = j*u. Calculate the remainder when 17 is divided by u.
5
Let v(a) = -a**3 + 4*a**2 - a + 5. Let b be v(4). Suppose -185 = m - 6*m. What is the remainder when m is divided by 1 + b - 22/(-2)?
11
Let r be -4 - (3/1 + -1). Let l = r + 9. Suppose l*i = 15, 3*i + 15 = 3*m - 18. Calculate the remainder when m is divided by 6.
4
Let a = 37 - 30. Calculate the remainder when 26 is divided by a.
5
Let s = -1 + 50. Suppose 2*m - 3 = 7. Let l(j) = -j**3 + 6*j**2 - 3*j + 7. What is the remainder when s is divided by l(m)?
15
Calculate the remainder when (-174)/(-4) - 1/(-2) is divided by (9/(-15))/(31/(-15) + 2).
8
Let a = 77 - 53. Suppose q = -5*z + 59 + 3, 30 = 3*z + 3*q. What is the remainder when a is divided by z?
11
Let f = 39 - 34. What is the remainder when 16 is divided by f?
1
Suppose -3*q - 12 = -75. Calculate the remainder when q is divided by 11.
10
Suppose 0 = 5*w + 6 - 31. What is the remainder when 14 is divided by w?
4
Let b(p) be the third derivative of p**5/60 - p**4/24 + p**3/2 + 2*p**2. Calculate the remainder when 7 is divided by b(0).
1
Suppose -s - 44 + 10 = -5*x, 2 = 2*s. Let b(w) = w**3 + 5*w**2 + 2*w + 2. Let g be b(-4). Suppose g = 4*y - 6. Calculate the remainder when x is divided by y.
3
Let u = -32 - -51. What is the remainder when 35 is divided by u?
16
Let i = 34 + -8. Let x(p) = 2*p**2 - 3*p + 2. Let n be x(3). Let r = 20 - n. Calculate the remainder when i is divided by r.
8
Let f(i) = -i**2 - 7*i - 2. What is the remainder when (-36)/(-1) + (0 - -2) is divided by f(-3)?
8
Suppose x = -0 + 4. Calculate the remainder when 10/4*(-3 + 7) is divided by x.
2
Let j(k) = k**3 - 6*k**2 + 4*k + 7. Let v be j(6). Suppose -3*d + v = 2*w - 0*d, 65 = 5*w + 5*d. Let c = w - 2. Calculate the remainder when 17 is divided by c.
5
Suppose g - 34 = -g. What is the remainder when (3/(-9))/(4/(-600)) is divided by g?
16
Let j(n) = -72*n + 4. Let w be j(-3). Suppose 7*c - w = 2*c. Let f = c - 31. What is the remainder when 38 is divided by f?
12
Let v(i) = 3*i + 2. Calculate the remainder when v(3) is divided by 3.
2
Suppose 2*v = -0*v + d - 2, 5*v = -2*d - 23. Let a = 16 + v. What is the remainder when a is divided by 4?
1
Let o = -20 - -39. What is the remainder when o is divided by ((-40)/(-12))/((-1)/(-3))?
9
Calculate the remainder when 37 is divided by ((-576)/99 - -6) + 108/11.
7
Suppose 4*z - q - 58 = 34, -23 = -z + q. Let b(s) = 3*s. Calculate the remainder when z is divided by b(2).
5
Suppose -4*o + 3*o = -6. Calculate the remainder when o is divided by 5.
1
Suppose -3*q = 6 - 3. Let h(g) = -g - 8. Let p be h(-6). What is the remainder when 33 is divided by 17*(q + p/(-1))?
16
Let z(w) = 4*w + 3. Let n(j) = 3*j - 3. Let x be n(3). Let a(i) = -i**3 - i**2 + 2*i + 2. Calculate the remainder when z(x) is divided by a(-3).
13
Suppose -195 = 19*j - 1145. What is the remainder when j is divided by (-52)/(-8)*4/2?
11
Let y(r) = 15*r + 2. What is the remainder when y(3) is divided by 12?
11
Let i(b) be the second derivative of b**3/2 - b**2/2 + 4*b. Let h be i(4). Let x = h + -9. What is the remainder when x is divided by 1?
0
Suppose -3*z + 43 + 8 = 3*d, 5*z = -2*d + 79. Let n(b) = -9*b + 10. Let t be n(-7). Let k = -44 + t. Calculate the remainder when k is divided by z.
14
Suppose -38*z = -33*z - 15. Let o = -2 - -6. Let q = 3 + o. What is the remainder when q is divided by z?
1
Suppose -5*c + 661 = 91. What is the remainder when c is divided by 23?
22
Let j(x) = -x**3 - 2*x + 1. Let g be j(1). Let d = g - -7. What is the remainder when d is divided by 3?
2
Suppose 73 = c - 5*l, -4*c - 65 + 323 = -3*l. Suppose 68*y - 77*y + 198 = 0. Calculate the remainder when c is divided by y.
19
Suppose 0 = 3*j + 2*g - 44, -g - 20 = -j - 3*g. Calculate the remainder when 30 is divided by j.
6
Let u(m) = 36*m**2 + 2*m - 1. Let k be u(1). Suppose -38 = 5*p + k. What is the remainder when (-524)/(-10) - (-6)/p is divided by 18?
16
Let r(i) = -i**3 + 4*i**2 + 5*i - 13. Let d = 17 + 0. Calculate the remainder when d is divided by r(4).
3
Suppose 0 = 4*a - 4 - 72. Calculate the remainder when 48 is divided by a.
10
Let n(s) = 7*s - 1. Calculate the remainder when (49/6)/(20/120) is divided by n(2).
10
Suppose -u + 0*u - 53 = 0. Let z = -9 - u. What is the remainder when z is divided by 23?
21
Suppose -3*n = -16 - 8. Let q = -102 - -132. What is the remainder when q is divided by n?
6
Suppose x = -3*x + c + 19, 3*c = x + 9. Suppose -3*k + 6*k - x = 0. Suppose -6 = k*b - 22. Calculate the remainder when b is divided by 3.
2
Let r = -13 + 21. Suppose 0 - r = -v. Suppose -3*z + 17 = 2. Calculate the remainder when v is divided by z.
3
Suppose -3*m - 30 + 3 = -4*z, 5*z - 3*m - 36 = 0. Let n = -6 + z. Suppose 0 = -s - n + 53. Calculate the remainder when s is divided by 17.
16
Let q be 1/(-1)*(-9)/(-1). Let n = q - -27. Calculate the remainder when n is divided by 10.
8
Let k = 15 + -9. Calculate the remainder when (-3)/(-18) - (-275)/k is divided by 16.
14
Let o(d) = -d**3 + 4*d**2 - d + 4. Let w be o(3). Suppose -55 + w = -5*v. What is the remainder when 35 is divided by v?
8
Let g(k) = 2*k**2 - k - 1. Calculate the remainder when g(4) is divided by ((-12)/9*-21)/2.
13
Suppose -2*g + 4*z + 34 = 0, 97 = 5*g + 5*z - 3*z. What is the remainder when g is divided by 5?
4
Suppose -5*q + 171 + 134 = 0. Let o = q - 14. What is the remainder when o is divided by 16?
15
Suppose 28*m = 31*m - 279. What is the remainder when m is divided by 24?
21
Suppose -6*b + 94 = -74. Calculate the remainder when b is divided by 15.
13
Let t(x) = -2*x**3 + 12*x**2 + 17*x - 16. Suppose -4*j - 5*m = 20, -5 = -5*j + 3*m + 7. What is the remainder when 4/(2 + j) - -12 is divided by t(7)?
4
Let f(j) = j**2 - 9*j - 7. What is the remainder when 52 is divided by f(11)?
7
Let g = 256 - 181. Suppose 0 = 4*k + 5*r + 52, 6*k - 3*k = -2*r - 32. Let y = g + k. Calculate the remainder when y is divided by 17.
16
Suppose 5*a - 8*a = -87. Calculate the remainder when a is divided by 20.
9
Suppose 0*k = 3*k. Suppose 0 = -f - 4*m + 15 + 7, k = 3*m - 6. What is the remainder when 26 is divided by f?
12
Let p(v) = -v**3 - 3*v**2 + 5*v + 6. Let d be p(-4). Suppose -181 = -d*u - 39. What is the remainder when u is divided by 24?
23
Calculate the remainder when ((-14)/(-4) - 3)*(-364)/(-2) is divided by 23.
22
Let k(x) = x**2 - 6*x + 1. Let a be (-7 - -11) + (0 - -3). Calculate the remainder when k(a) is divided by 5.
3
Let u = -4 + -14. Let z be -1*(4 + -2) - u. What is the remainder when (-2)/(-4)*4*z is divided by 11?
10
Suppose 0 = -5*s + 11 + 4. Suppose 2*u - p + 74 = 0, 0*u = -5*u + s*p - 183. Calculate the remainder when 49 is divided by u/6*(0 - 2).
10
Let i be -4 - (-2)/4*-6. Let o = 14 + i. What is the remainder when o is divided by 4?
3
Suppose -5*y - 3 = -33. Suppose y*z - 55 = z. Let n(m) = m**2 - 3*m. What is the remainder when z is divided by n(4)?
3
Let q = 10 - -10. Let n =